{"id":2613,"date":"2016-12-16T20:06:34","date_gmt":"2016-12-16T19:06:34","guid":{"rendered":"http:\/\/ks-travel.fr\/?page_id=2613"},"modified":"2026-01-25T19:49:34","modified_gmt":"2026-01-25T18:49:34","slug":"oceanie","status":"publish","type":"page","link":"https:\/\/ks-travel.fr\/index.php\/oceanie\/","title":{"rendered":"Oc\u00e9anie"},"content":{"rendered":"<p><a href=\"https:\/\/ks-travel.fr\/index.php\/2016\/08\/06\/australie-melbourne\/\">AUSTRALIE &#8211; MELBOURNE (2015)<\/a><\/p>\n<p><a href=\"https:\/\/ks-travel.fr\/index.php\/2016\/08\/06\/australie-sydney\/\">AUSTRALIE &#8211; SYDNEY (2015)<\/a><\/p>\n<p><a href=\"https:\/\/ks-travel.fr\/index.php\/2025\/11\/23\/fidji-2025\/\">FIDJI &#8211; (2025)<\/a><\/p>\n<p><a href=\"https:\/\/ks-travel.fr\/index.php\/2016\/08\/06\/nouvelle-zelande-auckland\/\">NOUVELLE Z\u00c9LANDE &#8211; AUCKLAND (2015)<\/a><\/p>\n<p><a href=\"https:\/\/ks-travel.fr\/index.php\/2016\/08\/06\/nouvelle-zelande-picton\/\">NOUVELLE Z\u00c9LANDE &#8211; PICTON (2015)<\/a><\/p>\n<p><a href=\"https:\/\/ks-travel.fr\/index.php\/2016\/08\/06\/nouvelle-zelande-wellington\/\">NOUVELLE Z\u00c9LANDE &#8211; WELLINGTON (2015)<\/a><\/p>\n","protected":false},"excerpt":{"rendered":"<p>AUSTRALIE &#8211; MELBOURNE (2015) AUSTRALIE &#8211; SYDNEY (2015) FIDJI &#8211; (2025) NOUVELLE Z\u00c9LANDE &#8211; AUCKLAND (2015) NOUVELLE Z\u00c9LANDE &#8211; PICTON (2015) NOUVELLE Z\u00c9LANDE &#8211; WELLINGTON (2015)<\/p>\n","protected":false},"author":1,"featured_media":22339,"parent":0,"menu_order":0,"comment_status":"closed","ping_status":"closed","template":"","meta":{"footnotes":""},"class_list":["post-2613","page","type-page","status-publish","has-post-thumbnail","hentry"],"_links":{"self":[{"href":"https:\/\/ks-travel.fr\/index.php\/wp-json\/wp\/v2\/pages\/2613","targetHints":{"allow":["GET"]}}],"collection":[{"href":"https:\/\/ks-travel.fr\/index.php\/wp-json\/wp\/v2\/pages"}],"about":[{"href":"https:\/\/ks-travel.fr\/index.php\/wp-json\/wp\/v2\/types\/page"}],"author":[{"embeddable":true,"href":"https:\/\/ks-travel.fr\/index.php\/wp-json\/wp\/v2\/users\/1"}],"replies":[{"embeddable":true,"href":"https:\/\/ks-travel.fr\/index.php\/wp-json\/wp\/v2\/comments?post=2613"}],"version-history":[{"count":7,"href":"https:\/\/ks-travel.fr\/index.php\/wp-json\/wp\/v2\/pages\/2613\/revisions"}],"predecessor-version":[{"id":21788,"href":"https:\/\/ks-travel.fr\/index.php\/wp-json\/wp\/v2\/pages\/2613\/revisions\/21788"}],"wp:featuredmedia":[{"embeddable":true,"href":"https:\/\/ks-travel.fr\/index.php\/wp-json\/wp\/v2\/media\/22339"}],"wp:attachment":[{"href":"https:\/\/ks-travel.fr\/index.php\/wp-json\/wp\/v2\/media?parent=2613"}],"curies":[{"name":"wp","href":"https:\/\/api.w.org\/{rel}","templated":true}]}}